ert 450840 (base 9) to base 4.
1001311311
What is 1110001110010000010 (base 2) in base 6?
13553350
-236a827 (base 12) to base 3
-110220120222211
-110d118 (base 14) to base 12
-286946a
What is -22213010010 (base 4) in base 12?
-b21770
Convert -1354332 (base 6) to base 8.
-227220
57857 (base 13) to base 12
78448
What is 1bdbd (base 15) in base 8?
261345
1001011001211 (base 3) to base 2
10000111010001101001
Convert 15153245 (base 6) to base 5.
113400341
-11111011010010011101 (base 2) to base 12
-417791
What is -150d848 (base 15) in base 2?
-111010000111000011011011
-106476 (base 8) to base 15
-aaa8
What is 10001112122 (base 3) in base 16?
eb0d
-301442331 (base 5) to base 9
-2232880
What is -156206 (base 9) in base 15?
-1d866
65323350 (base 7) to base 11
3175885
What is 10011000101110011011 (base 2) in base 10?
625563
Convert 3f72 (base 16) to base 7.
65232
What is 2655bb (base 12) in base 5?
130202313
32cd9 (base 15) to base 11
1003a5
What is 101110221110220 (base 3) in base 11?
3164230
Convert -111603 (base 7) to base 5.
-1113343
310513 (base 13) to base 15
178b51
What is 879521 (base 11) in base 5?
324403002
Convert 2257247 (base 9) to base 15.
19132d
What is 21964 (base 16) in base 10?
137572
Convert 40033613 (base 7) to base 6.
154442152
-367dc (base 15) to base 12
-84783
11659 (base 16) to base 6
1305521
-8bab9 (base 12) to base 2
-101101100001101101
What is 513103312 (base 6) in base 5?
4224422044
What is 12201222220121 (base 3) in base 11?
17a4125
What is -c6bad (base 14) in base 11?
-2a8500
a0739 (base 11) to base 15
2d99e
What is -2112002000 (base 3) in base 12?
-24876
What is -308862 (base 10) in base 12?
-12a8a6
-11a6196 (base 14) to base 9
-16836305
What is 2192042 (base 11) in base 8?
16511272
Convert -12817 (base 15) to base 2.
-1110011100111101
1012201110121 (base 3) to base 16
9d3cf
What is -26653 (base 10) in base 2?
-110100000011101
Convert -22110111002011 (base 3) to base 16.
-449f6b
-72899 (base 16) to base 3
-212211112202
What is 1134421113 (base 5) in base 11?
1553432
-2722166 (base 11) to base 3
-22211220202222
Convert 21011110011 (base 4) to base 15.
320776
Convert 3501647 (base 9) to base 6.
104305454
-bb0 (base 13) to base 12
-11aa
Convert 2c770 (base 13) to base 2.
10100101100011000
155558b (base 12) to base 5
2102441131
What is 39789 (base 13) in base 3?
12102102210
Convert -3021233 (base 4) to base 9.
-18635
What is -105153212 (base 6) in base 5?
-443143010
-242440232 (base 5) to base 7
-12455545
What is -19dcb1 (base 14) in base 16?
-e1093
Convert 38771 (base 10) to base 3.
1222011222
Convert -10136500 (base 7) to base 16.
-cf7c0
Convert -11806a3 (base 12) to base 5.
-1332323231
What is 1124065 (base 7) in base 13?
4c054
What is -131446401 (base 7) in base 10?
-8432166
What is 327344 (base 8) in base 2?
11010111011100100
999742 (base 13) to base 7
42524023
Convert -35254a (base 11) to base 6.
-15555035
-275065 (base 10) to base 3
-111222022121
84aa893 (base 11) to base 13
3145320
What is 322301113 (base 4) in base 3?
110020012211
What is 101021200100 (base 3) in base 8?
613274
Convert 14140285 (base 9) to base 3.
111011100022212
Convert 420151052 (base 6) to base 8.
33643650
What is 51698 (base 11) in base 2?
10010011001101001
What is -54435 (base 16) in base 10?
-345141
-234a1a (base 11) to base 10
-372580
10100110010101101110 (base 2) to base 14
13a422
-76287 (base 11) to base 10
-110810
What is 1365903 (base 10) in base 8?
5153617
Convert -113511340 (base 7) to base 14.
-d0d457
13201003 (base 6) to base 12
190163
-34223131 (base 5) to base 11
-198aa3
Convert 15626230 (base 7) to base 12.
6134a1
What is 237427 (base 9) in base 5?
14040413
Convert 321211 (base 7) to base 15.
11767
Convert -50fa03 (base 16) to base 13.
-113a68a
Convert -5086 (base 13) to base 4.
-2231113
What is -102323313 (base 4) in base 10?
-77559
-34544532 (base 6) to base 8
-4054710
Convert -15466706 (base 8) to base 16.
-366dc6
Convert -586005 (base 9) to base 14.
-9246c
Convert -34154478 (base 9) to base 2.
-111111001101010111101100
Convert -1004223314 (base 5) to base 7.
-23125443
What is 12516050 (base 7) in base 13?
312323
Convert 11110100101110111011 (base 2) to base 15.
14c037
What is 42000124 (base 5) in base 11?
215326
Convert -3527a09 (base 11) to base 16.
-5dfd8c
What is -121101120002 (base 3) in base 13?
-b3b04
Convert 36025461 (base 7) to base 5.
1303331104
101303200 (base 5) to base 8
1454462
What is -2338073 (base 10) in base 12?
-949075
Convert 8665024 (base 9) to base 5.
2142230410
What is -110101110111000 (base 2) in base 12?
-13b60
What is -14913b (base 12) in base 15?
-6ce7e
Convert b76152 (base 12) to base 11.
16a650a
Convert -b6e8 (base 15) to base 4.
-21130211
Convert 857762 (base 11) to base 15.
1c1715
What is 1bda9 (base 16) in base 11?
78798
Convert -3034440 (base 5) to base 7.
-263636
2365334 (base 11) to base 5
2023334201
-14433404 (base 8) to base 16
-323704
-133529 (base 10) to base 8
-404631
46072 (base 11) to base 10
66629
11022111010212 (base 3) to base 2
1000101111110001001001
What is -19431 (base 13) in base 3?
-2111021200
What is 111333111 (base 4) in base 8?
257725
Convert 100022025 (base 6) to base 3.
10011111011122
What is -b8173 (base 14) in base 4?
-1230212121
What is 3292138 (base 10) in base 11?
1949483
What is 1011211212022 (base 3) in base 8?
2310230
What is -124033112 (base 5) in base 3?
-1011002000222
Convert 475726 (base 13) to base 8.
6363023
Convert -b61b (base 12) to base 13.
-9095
What is -15b4c22 (base 13) in base 3?
-111012001120021
-11213010131 (base 4) to base 14
-2a3db7
What is 6345010 (base 7) in base 5?
144031031
Convert 125087 (base 10) to base 5.
13000322
Convert -1100010110010010110100 (base 2) to base 4.
-30112102310
What is 11233242 (base 6) in base 15?
6cb38
Convert 54006 (base 11) to base 10.
78535
2a2b75 (base 14) to base 2
101100110010010100011
544758 (base 11) to base 2
11010100011010100101
What is 413401055 (base 6) in base 12?
249918b
Convert 1563075 (base 8) to base 10.
452157
What is -2490364 (base 11) in base 2?
-10000011110100100101000
-2b371 (base 12) to base 14
-1832d
Convert -5a0a1 (base 11) to base 12.
-4216a
Convert 13604c (base 14) to base 9.
1230464
Convert 363343 (base 9) to base 15.
44d3c
-11412000 (base 5) to base 16
-1a275
11333 (base 9) to base 12
4463
What is -259a6 (base 12) in base 2?
-1100100101001110
100011011101111011001 (base 2) to base 7
12610225
925802 (base 10) to base 3
1202000221222
What is 10010100101101011 (base 2) in base 7?
434660
Convert 86f5f (base 16) to base 13.
164800
What is -1012110000010212 (base 3) in base 16?
-107192c
Convert -22343041 (base 7) to base 6.
-105353311
What is 47120 (base 12) in base 4?
113033220
What is 177d93 (base 16) in base 7?
16041160
Convert 9b8b (base 13) to base 9.
32743
What is -254443 (base 11) in base 15?
-7dce2
Convert 71b22 (base 16) to base 13.
133c7c
-11010011000011100100011 (base 2) to base 4
-122120130203
What is -4aa52 (base 11) in base 9?
-121287
Convert -15826 (base 10) to base 2.
-11110111010010
1003103230 (base 5) to base 12
807579
What is -c3bc43 (base 13) in base 7?
-53552115
Convert b416 (base 14) to base 7.
156226
Convert -6056c3 (base 13) to base 12.
-9002b8
What is -10001001010100010 (base 2) in base 16?
-112a2
Convert -3b281 (base 12) to base 13.
-2b1b0
-1506446 (base 7) to base 15
-40682
What is -130115431 (base 6) in base 7?
-30334222
What is -23231223100 (base 4) in base 15?
-409c67
Convert 76e072 (base 15) to base 5.
2422313412
1edfb (base 16) to base 8
366773
Convert -571202 (base 8) to base 7.
-1433063
What is 312221231 (base 4) in base 16?
36a6d
105343100 (base 6) to base 8
7321114
2540512 (base 6) to base 3
20222200222
Convert -13502410 (base 6) to base 2.
-1110000001001100110
Convert -634661 (base 7) to base 16.
-1acba
Convert -21221303023 (base 4) to base 3.
-11202120012111
-502887 (base 12) to base 6
-42433451
Convert -2413544 (base 6) to base 16.
-1ee68
What is -1100111100100100011110 (base 2) in base 10?
-3393822
What is 1510406 (base 8) in base 11?
274360
-27d4a3 (base 16) to base 15
-368679
What is 11102022 (base 4) in base 15?
662c
Convert 496ec (base 15) to base 6.
5005223
What is 447167 (base 10) in base 5?
103302132
110101101010110000 (base 2) to base 14
5a17a
Convert